s of -2*(-21)/y - 3.
2
Let k(t) = -t**3 - 5*t**2 - 7*t. Let l be k(-3). Suppose 79 = 2*i + i - 5*a, -5*i + 105 = -l*a. List the prime factors of i.
2, 3
Let u be 8/(-5)*10/(-4). Let q be (3 - u) + (-2)/(-2). Suppose 2*p - 8 = 0, -5*p + q*p - 22 = -2*n. What are the prime factors of n?
3, 7
Let l(h) = -h - 10. Let s be l(-13). Suppose -13 = -4*f - 3*g - 107, 0 = 4*f - s*g + 106. Let p = f - -82. List the prime factors of p.
3, 19
What are the prime factors of (-12)/15 + 19272/15?
2, 3, 107
Suppose -4*o = 5*r + 60, -r - 3*o - 36 = 2*r. Let d = r - -15. Suppose 0 = -h + d*h + 5*w - 111, 2*h - 81 = 5*w. List the prime factors of h.
2, 3
Let u(w) = 3*w**2 - 39*w - 37. What are the prime factors of u(18)?
233
Suppose -s + 4 = -7. Let y(l) = -8 - 5*l - 3*l + 27*l + 2*l**2 - l**3 + s*l**2. What are the prime factors of y(14)?
2, 31
Let t(x) = 4 - 13 - 4*x + 0 + 16*x. What are the prime factors of t(5)?
3, 17
Suppose 0 = -c - 497 + 2039. What are the prime factors of c?
2, 3, 257
Let g(z) = 3*z + 5. Let c be g(-3). Let l(w) = w**3 + 6*w**2 + 7*w + 6. What are the prime factors of l(c)?
2, 5
Suppose 18 = -2*h + 3*h. What are the prime factors of (-156)/h*(-3)/1?
2, 13
Let i = -804 - -1616. List the prime factors of i.
2, 7, 29
Suppose -8*x = -17*x + 5184. What are the prime factors of x?
2, 3
Suppose -c = 3*c. Suppose c = -6*p + 9*p + 222. List the prime factors of 1/(2 - p/(-38)).
19
Let y(u) = -186*u**3 - u**2 - 3*u - 2. Suppose 0 = -2*t + 3*c - 2, -t + c = 1 - 0. List the prime factors of y(t).
2, 3, 31
Let c be 4/14 - 37/7. Let m(l) be the third derivative of -l**6/60 - 3*l**5/20 - 5*l**4/24 + l**3 + 44*l**2. List the prime factors of m(c).
2, 7
Suppose -3*b - b = -4*t - 4520, -2*b + 4*t + 2258 = 0. What are the prime factors of b?
3, 13, 29
Suppose 0 = 12*a + 2563 - 18319. List the prime factors of a.
13, 101
Let p(z) = 111*z**2 - 2*z + 5. List the prime factors of p(2).
5, 89
Let u(v) = 2*v**3 - 66*v**2 - 11*v - 45. What are the prime factors of u(34)?
3, 631
Let d(h) = -h**3 - 12*h**2 - 238*h + 5. List the prime factors of d(-13).
2, 19, 43
Let s(o) = -4*o - 6*o + 8*o**2 + o**3 + 4*o - 4. List the prime factors of s(-6).
2, 13
Let v be (0 - -4)*(-131)/(-2). Let j = v - 145. What are the prime factors of j?
3, 13
Let b = -9 + -29. Let r = 12 - b. What are the prime factors of r?
2, 5
Let t(r) = 5*r - 1. Let n be t(1). Let b(h) be the second derivative of 3*h**3/2 + 9*h**2/2 + 2*h - 18. List the prime factors of b(n).
3, 5
Let z be 3/(-6)*-2 - -12. Suppose -3*w = -1 + z, 0 = -h + w + 42. List the prime factors of h.
2, 19
Let u be (-4)/(-14) - 2190/70. Let w = u + 58. List the prime factors of w.
3
Let g(a) = a**3 - 18*a**2 - 17*a + 68. List the prime factors of g(20).
2, 3, 11
Let u = -26 - -31. Let k = 57 - u. List the prime factors of k.
2, 13
Let r(y) = -9*y - 81. Let c be r(-9). Suppose 4*l - 270 = d - c*d, 2*l - 5*d - 126 = 0. What are the prime factors of l?
2, 17
Let f be (-1)/(1 - (-15)/(-10)). Suppose 2*h - w = f*w + 57, 2*w - 10 = 0. What are the prime factors of h?
2, 3
Let b = 22 + -20. Suppose 0 = -b*h + 4*c - 0*c + 266, 3*h + 5*c = 366. What are the prime factors of h?
127
List the prime factors of 1/8 + 263115/360.
17, 43
Let r(m) be the first derivative of -10*m**3/3 + m**2/2 - m + 1. Let z be r(2). Let k = z - -72. What are the prime factors of k?
3, 11
Let x = 106 + -202. What are the prime factors of (6 + x/(-4))/((-3)/(-4))?
2, 5
Let m(i) = 4*i**3 - 7*i**2 - 9*i - 6. Let t(k) = -3*k**3 + 8*k**2 + 9*k + 5. Let b(v) = 2*m(v) + 3*t(v). List the prime factors of b(9).
3, 5, 11
Let i = 1061 - 1044. What are the prime factors of i?
17
Suppose -146 = -5*n + 24. Suppose -2*l + n = -2*t, l = -2*t + 11 + 12. List the prime factors of l.
19
Let j(u) = u**2. Suppose -2*a - 18 = 4*x, -5*x + 2 - 18 = -4*a. Let m(q) = -3*q**2 - 10*q - 2. Let r(l) = x*j(l) - m(l). List the prime factors of r(5).
3
Suppose -3*u + 13 = -2*o, -o - o - 5*u = -11. What are the prime factors of -3*(o + (-111)/9)?
43
Suppose 4*i - 13 - 19 = 0. Suppose -q - i = -2*g, 2*q = 5*q. Suppose 0*c - 100 = -g*c. List the prime factors of c.
5
Let f = -113 + 223. Suppose -3*o + o = -f. What are the prime factors of o?
5, 11
Let w(a) = 4*a**2 - 18*a + 10. What are the prime factors of w(14)?
2, 271
Suppose 7 = -5*a + 17. Suppose a*c = -0*c + 168. What are the prime factors of c?
2, 3, 7
Suppose 5*f + 788 = i, 3*f + 3242 = 4*i + f. List the prime factors of i.
3, 271
Let g(l) = l + 8. Suppose -3*j + 5 = -2*p, 0 = -0*p - 5*p - j - 21. Let r be g(p). Suppose r*n = -a + 31, 0*a = 2*a - 3*n - 62. What are the prime factors of a?
31
Let w = 16 - 8. Suppose 3*d + b = 112, -4*b = -8 - w. List the prime factors of d.
2, 3
Suppose 20 = -y - 33. Let z be (-2)/(4/y)*-36. What are the prime factors of (-1)/(-3) + z/(-54)?
2, 3
Let w be (-9)/6*30/(-9). Suppose 4*v + v - 290 = -3*c, -265 = -w*v + 2*c. Suppose -9*f + 4*f = -v. What are the prime factors of f?
11
Let y = -69 - -163. Suppose 0 = -2*g + 5 + 5. Suppose g*c = y + 46. What are the prime factors of c?
2, 7
Let u = 169 - 165. What are the prime factors of (-8 + (u - -2))/((-2)/185)?
5, 37
Let s = -92 - -93. Let v = -13 + 20. Let d = s + v. List the prime factors of d.
2
Let l = 124 - 121. Suppose h + l*y = 73, 280 = 10*h - 5*h - 2*y. List the prime factors of h.
2, 29
Let o be ((73/(-2))/1)/((-1)/(-2)). Let g = o - -107. List the prime factors of g.
2, 17
List the prime factors of (-2)/6 - (-4)/(-12)*-223.
2, 37
Let o(a) = 10*a**2 + 3*a - 3. Let p be o(3). Suppose -16*r + 12*r + p = 0. Let t = 42 - r. What are the prime factors of t?
2, 3
Let w(b) = -351*b - 229. List the prime factors of w(-10).
17, 193
Let f(x) = 20 - 52*x + 53*x + 77. What are the prime factors of f(-14)?
83
Suppose 17*l = 3*l + 3990. What are the prime factors of l?
3, 5, 19
Let i be ((-2)/((-4)/6) + 5)*1. Suppose 4*r = i*r - 524. What are the prime factors of r?
131
Suppose 0 = 6*n - 1992 - 4116. What are the prime factors of n?
2, 509
Suppose 5*o = 5*c - 45, 9*o = -5*c + 4*o - 5. Suppose -4*u = -3*n + 352, -3*u - 347 = -3*n - c*u. What are the prime factors of n?
2, 29
Suppose -4*a - 28 = -m, 5*m + 3*a - 2 - 23 = 0. Let u = m - 19. Let z(j) = j**3 + 10*j**2 - 17*j - 8. What are the prime factors of z(u)?
2, 29
Let a = 15 + -10. What are the prime factors of ((-696)/a)/(-2) + (-12)/(-30)?
2, 5, 7
Suppose 688 = 3*u + 652. List the prime factors of u.
2, 3
Let w be (-24)/36*(0 + -3). Let y be (w/(-4))/((-3)/36). Suppose -y*i + 10 = -i. What are the prime factors of i?
2
Suppose -3*z + 5*u = 2*u - 6, -2*z = -u - 4. Suppose -z = m, p - 5*p + 2*m + 64 = 0. List the prime factors of p.
3, 5
What are the prime factors of (-134568)/(-42)*(-6)/(-8)?
3, 89
Suppose 5*r + 22 = 4*a, 5*a - 15 = 3*r + 2*a. Let y be (4 - 2) + r*3. Let j = 8 + y. List the prime factors of j.
2
Let u(l) = -2*l**2 - 6*l - 3. Let r be u(-5). Let z = -21 - r. Suppose 5*k + 5*b = 30, 3*k = z*b - 3*b + 14. What are the prime factors of k?
2
Let m = 10 + -9. What are the prime factors of 82 + 6*m/3?
2, 3, 7
Let q be (3/4)/((-9)/(-288)). Let u = -36 + q. Let r = u + 38. List the prime factors of r.
2, 13
Let d = -167 - 47. Let j = -128 - d. List the prime factors of j.
2, 43
Suppose 3*s + 5787 + 6062 = 4*x, 4*x = -5*s + 11857. What are the prime factors of x?
2963
List the prime factors of (644 - -42) + ((-12)/(-3))/2.
2, 43
Let k = 257 - -307. List the prime factors of k.
2, 3, 47
Let n = -1764 - -3130. What are the prime factors of n?
2, 683
Suppose 35 = p - 43. Suppose 4*v - p = 190. List the prime factors of v.
67
Suppose 5*z = -3*m - 2*m - 50, -4*z + 16 = -3*m. Let a = 13 + m. Suppose -a*d + b + 66 = -d, 40 = 3*d + 4*b. What are the prime factors of d?
2
Let j = 9 + 313. List the prime factors of j.
2, 7, 23
Let n = -34 + 147. What are the prime factors of n?
113
Let s(t) = t**3 + 4*t**2 - 4*t - 4. Let l be s(-4). Let u be ((-64)/l)/(2/6). Let p = u - -28. What are the prime factors of p?
2, 3
Suppose 6 = -l + 1. Let d be 1 + 4/(-10)*l. Suppose -3*w - 4*z = -25 - 0, 27 = d*w + 3*z. List the prime factors of w.
11
Let j = -6 + 169. Let v = j + -55. What are the prime factors of v?
2, 3
Let q(k) = -213*k - 162. List the prime factors of q(-10).
2, 3, 41
Let f(g) = -g**2 + 11*g + 13. Let r be 29/26